- 1
4
What is the value of 9 - 4 - 10 - (1 + -6)?
0
(6 - (11 + -6)) + 3
4
What is -3 - (7 - 6) - (3 + 0)?
-7
Calculate (4 - 1 - 2) + 5.
6
What is the value of 2 - (0 - -1) - 4 - -3?
0
1 - (3 + (3 - (0 + 1)))
-4
Evaluate -22 + 19 - (-7 - 0 - 1).
5
What is (-2 - -3) + 2 + (6 - 7)?
2
What is the value of 4 + (-2 - -3 - 0)?
5
What is 4 - 11 - (-1 - 9)?
3
What is the value of 5 - (-12 - -11) - (2 + 0)?
4
Evaluate (3 - 4) + -1 + 4 + -6.
-4
Evaluate -3 + 4 - -3 - (1 - 2).
5
Calculate 1 + -4 + (2 - -2).
1
What is the value of 11 - (11 + (-11 - -9))?
2
(7 - (-12 + 12)) + -2
5
-10 - (-10 + -1) - 7
-6
What is 1 + -1 + (-2 - -1)?
-1
Evaluate (1 - -4) + (25 - 17 - 14).
-1
Calculate -7 + (-1 - -9) + -7.
-6
Evaluate -1 - (6 - 3) - -2.
-2
Evaluate (-35 - -32) + (-3 - 2).
-8
What is -1 - (-1 + -4 - (-8 + 8))?
4
Evaluate (-2 + -3 - -2) + 2 + 4.
3
6 + 9 + -8 - 2
5
What is 4 + -4 - 3 - -2 - 4?
-5
8 - (6 + 1 + 7)
-6
What is -2 + -1 - (-5 - 1) - 7?
-4
Evaluate -3 + 0 + 5 - 5 - 1.
-4
8 - 1 - (176 + -172)
3
What is (1 - 2) + 0 - (-8 - -4)?
3
Evaluate -5 + 10 + -2 - 6.
-3
Evaluate 1 - (-3 - (-3 - (3 + 1))).
-3
Evaluate 5 - -1 - (10 - (-14 - -25)).
7
Calculate 3 - (-4 + 7 + -5).
5
What is the value of (-5 - (-22 + 3)) + -3?
11
What is (6 - 5) + 9 + -5?
5
What is the value of -4 - (8 + -6 - (-1 - -10))?
3
(7 - (2 - -3 - -2)) + 3
3
Calculate -7 + 2 + 5 + (-1 - -1).
0
Calculate -6 + (-7 - -10) - (3 + -1).
-5
What is the value of (3 - 4 - -3) + -3 - -2?
1
Calculate (-2 - (-8 - -1)) + 100 + -100.
5
(-1 + 6 - 4) + 3
4
Evaluate -2 + -1 - (0 + -2).
-1
Calculate 3 - ((5 - 4) + -4 + 2).
4
What is the value of 3 + 4 + -7 - (2 - 1)?
-1
What is 4 + -1 + (5 - (-1 + 10))?
-1
Evaluate 17 + -5 - (22 - 1).
-9
-20 + (3 - (-15 + 5))
-7
Evaluate -1 + (0 - (-4 + 0)).
3
-4 - -1 - (-28 - -22)
3
What is 9 + -6 + -10 + 2?
-5
Evaluate 1 + 2 - (-11 + 18).
-4
What is the value of 3 - ((3 - 2) + 7) - -6?
1
Evaluate 13 - (7 - -3) - (1 - -2).
0
Evaluate 2 + (-6 - -4) + -1.
-1
What is 95 - 95 - (0 - 1)?
1
Calculate 6 - (14 - (6 + -5)).
-7
What is (-2 - -3) + -3 + 5 + 1?
4
Calculate (3 - -3) + (-5 - (3 + -7)).
5
3 - ((7 - 6) + 3)
-1
-4 - 1 - (16 + -17) - -5
1
Evaluate 0 - (-2 + (0 - 1) - 0).
3
-3 + -2 + 5 - 4
-4
-1 - (-6 - (-15 + 6))
-4
What is -8 + -2 + 4 - -1?
-5
(4 - 1) + 1 + 3 + -6
1
Calculate -1 + 4 - (-14 - (-19 + 3)).
1
Evaluate 2 + -1 + -2 + -4 + 4.
-1
-4 - (4 - (9 - 3))
-2
What is 0 - (-2 + (0 - -3) + -1)?
0
What is the value of (1 - 2) + -3 - (-66 - -67)?
-5
What is -5 - (1 - 3 - (5 - 2))?
0
What is the value of 16 - -2 - (2 - (1 - 7))?
10
What is the value of 2 + (-9 - (3 - (-4 + 9)))?
-5
(3 - 1) + (-23 - -4 - -23)
6
What is the value of (1 - (5 - (4 + 4))) + -3?
1
What is (-35 - -33) + 0 + 2?
0
Evaluate (-7 + 2 - -8) + (-7 - 0).
-4
-7 + 1 + -2 + 5 + -1
-4
What is the value of 7 - 4 - (0 - -8)?
-5
What is -4 + -5 + -4 + -4 + 12?
-5
(-4 - -3) + 7 - (-10 + 10)
6
Evaluate (3 - (7 + -6) - 1) + -1.
0
-14 + 9 + (-4 - -9)
0
What is 4 + 0 + -8 - -3?
-1
What is (10 - 15) + 11 + -5?
1
Calculate (26 - 26) + (-5 - (0 + -3)).
-2
What is the value of -11 + 8 + -1 - 2?
-6
What is the value of -6 - (-6 + 11 - (-1 + 7))?
-5
Evaluate (-2 - -2) + -2 + -10 + 6.
-6
What is the value of 0 - (8 + (6 - 12))?
-2
Evaluate 2 + (0 + 3 - 6) + -3.
-4
What is -6 - (-2 + 0) - -2 - -5?
3
Calculate 0 + (0 + 2 - 6).
-4
Evaluate 1 + (-3 - -2) + -4.
-4
What is 1 - ((1 - 7 - -9) + 1)?
-3
What is -1 - (3 - (-4 - (-8 + 2)))?
-2
What is 6 + (3 - 13) - -2?
-2
Evaluate -3 - (2 + -3 + -1 - 0).
-1
-3 + 4 + 0 + (-2 - -2)
1
1 + 1 + (4 - (6 - 2))
2
What is 6 + -8 + -13 + 7?
-8
What is (-2 - (2 + 1)) + (158 - 159)?
-6
Calculate 1 + 1 - -2 - 4.
0
-3 + (1 - (-2 - (-2 - -2)))
0
What is -2 - 1 - (3 - (14 + -3))?
5
Evaluate -4 - (-4 + 17 - 26).
9
0 + 8 + -1 + 0 + -3
4
Calculate 1 - 3 - (-8 + 4).
2
What is (-12 - 6) + 3 - -10?
-5
Evaluate -5 + (15 - (8 - 3)).
5
Evaluate (8 - -1) + (-4 - 0).
5
Calculate 0 - ((-2 - (-1 + -3)) + -2).
0
What is the value of -5 + 7 + 10 + -13?
-1
(0 + 1 - 2) + (2 - -2)
3
What is the value of 6 - (7 + -2 + 4 + -3)?
0
-1 - (5 - ((9 - 5) + -1))
-3
Calculate 3 + -5 + (3 - -3) + 1.
5
Calculate (1 - (-3 + -4)) + -5.
3
-1 + (3 + -1 - 0)
1
Evaluate -2 + (14 - 8) + -3 + -2.
-1
Calculate -1 + 6 + (1 - 5).
1
1 + -2 + 2 + (-11 - -13)
3
(-1 - 9) + -72 + 80
-2
6 - (3 + (6 - 5 - -4))
-2
Calculate 4 + (-8 - (-4 + 2)).
-2
(-13 - -5) + 7 + -4
-5
What is the value of 1 + (2 - (-4 - -5) - -1)?
3
Calculate 3 - (-4 - -3) - 3.
1
What is the value of -11 - (8 + -5 + -7)?
-7
Evaluate -9 + (-8 - -18) + 2 + 1.
4
What is 11 + -16 + 10 + 2?
7
-1 + (3 - (0 - -4))
-2
Evaluate (-8 - 2) + 5 + 4.
-1
What is the value of 8 + -4 + -1 + 1?
4
-8 - (-4 - (-1 - -1))
-4
Calculate 1 - (9 - (1 + 4)).
-3
Calculate 0 + -7 + (-5 + 2 - -3).
-7
Evaluate (21 - 26) + 2 + 1.
-2
-3 + (1 - 1 - (7 + -8))
-2
(-5 - -8 - -2) + -3 - 1
1
What is (-3 - -7) + 1 - 3?
2
Calculate -5 + (-5 - (-5 - (3 - 0))).
-2
What is (4 - 4) + -11 - -18?
7
What is -207 - -210 - (12 - 1)?
-8
Evaluate (-5 - (4 - 27)) + -11.
7
Evaluate (-5 - 0) + (14 - 5).
4
Calculate (-2 - -1) + -1 - -5 - 2.
1
Evaluate 1 + (0 - 1) + -2 + 7.
5
Evaluate (5 + 0 - -5) + (-4 - -2).
8
What is 1 - (4 + (-9 - -1))?
5
What is (3 - -2) + -4 + 0?
1
-5 + (7 + 3 - (8 + -5))
2
-6 - (1 + (2 - 5))
-4
Evaluate 5 + -11 + 7 - -7.
8
Evaluate 6 + 1 + 0 - (1 - -2).
4
What is (-10 - -13) + -8 - (1 + -5)?
-1
(-1 - 0) + (6 - 3) + -6
-4
-6 - (-3 + 3 + 1 + -2)
-5
(-4 - -4) + (1 - 0)
1
-2 + 0 + -2 + (10 - 2)
4
What is -4 + 6 - 5 - (-1 + -6)?
4
-4 + (11 - (7 + -4))
4
What is the value of 5 - (2 + -4 + 5)?
2
What is the value of -1 + (13 - (8 - (2 + -1)))?
5
Calculate -7 - ((-13 - (4 + -8)) + 0).
2
What is -2 + -1 - (12 + -13)?
-2
What is the value of -1 - (7 + (-4 - 2))?
-2
What is the value of -5 - -3 - (-3 + (-1 - -1))?
1
(-2 - -8) + 10 + -16
0
Evaluate 1 + 0 + (20 - 26).
-5
9 + 0 + -2 + 6 + -10
3
(11 - 7) + (1 + 1 - 11)
-5
Evaluate -7 + (10 - (10 - 2)).
-5
Calculate 31 + -20 - (2 - -2).
7
What is the value of 10 + -5 + (-2 - 0) - 3?
0
Calculate -9 + 2 + 4 - (0 + 1).
-4
15 - 12 - (1 - 1 - -1)
2
What is the value of -1 + -2 + (142 - 138)?
1
Evaluate 9 + (6 - (24 - 4)).
-5
Evaluate 3 + -9 + 2 + 0.
-4
What is 5 + (7 + -4 - 7) - -3?
4
What is -4 - ((3 - 1) + -10)?
4
-3 + (1 - (6 + -6))
-2
Calculate -4 + 3 + -1 + -6.
-8
Calculate 4 + -1 + -1 + -1 + 0.
1
What is -11 + 12 + (-2 - -3 - -1)?
3
Calculate 23 + -20 - (-2 + 9 + 3).
-7
Calculate 3 + (3 - 0) + -6 + 1.
1
Evaluate 2 - (-3 - (-3 + 8 + -5)).
5
Evaluate -2 - (-1 + 2 + (-2 - 1)).
0
Calculate 7 - (9 + -8 + 6).
0
What is (4 - 1) + (3 + -1 - 3)?
2
Evaluate -2 + 0 + -1 + -2.
-5
4 + 0 + -5 - -6
5
(-4 + 3 - (-6 + 3)) + -5
-3
Evaluate 75 - 73 - (0 + 0 + 1).
1
(-15 - -8) + 7 - 0
0
What is the value of -5 + 7 + (3 - (-1 + 4))?
2
(2 - 3) + 5 - (-10 + 13)
1
2 + -2 + (5 - 4)
1
Calculate (4 - (10 + 6)) + 13.
1
Evaluate 6 - 1 - (8 - (15 - 7)).
5
Calculate 10 + -1 + -3 - (13 - 2).
-5
Evaluate -3 + (1 - -6) + 0.
4
What is the value of 6 - ((2 - 5) + 14 + 1)?
-6
What is 1 - (-1 + (0 - 2)) - 1?
3
What is the value of 0 + -9 + 11 + 3?
5
What is (9 - (20 - 11)) + 5?
5
Evaluate 4 + (3 + -1 - 8 - 0).
-2
What is the value of -7 + (25 - 6 - 9)?
3
What is the value of -3 + 3 - (-1 + 0)?
1
-19 - -19 - (2 + -2)
0
What is (4 + -3 - 2) + 4?
3
Calculate 2 - (-1 + 4 + -2) - -2.
3
Evaluate 18 + -13 + 0 + 0 - 8.
-3
5 - (5 - -2) - 3
-5
Calculate -6 + (-2 - (0 + -7)).
-1
What is the value of 0 - -1 - (36 - 30)?
-5
What is -1 - (-8 - 2) - 7?
2
Calculate 1 + (4 + -2 - (10 - 7)).
0
Calculate -4 + 0 - (4 - (5 - 4)).
-7
6 - (9 - (-10 - -5))
-8
(1 - -4) + (6 - (-3 + 13))
1
What is 3 - (-1 - 1 - (3 + -3))?
5
Calculate -6 + (3 + -5 - -7) - 5.
-6
What is the value of -5 + (-7 - (3 - -3 - 11))?
-7
Calculate 6 - 3 - (6 - (4 + 1)).
2
Calculate -14 + (8 - (-3 + 6)).
-9
Evaluate (-7 - 7) + -8 + 14.
-8
Calculate 1 + 2 - (8 - 10).
5
Evaluate 2 + (-6 + 4 - 3).
-3
Evaluate -2 + 4 - 13 - -7.
-4
What is 12 - 6 - -3 - 5?
4
What is -15 + 23 + (1 - 8)?
1
What is the value of 0 - 0 - (-24 - -15 - -12)?
-3
7 + -5 + 4 - 10
-4
-2 + (-5 - (-8 - -4))
-3
Calculate 0 - 7 - (-68 - -56).
5
Evaluate (9 - (4 + 0)) + -5.
0
Evaluate -3 + 4 - (-53 + 47).
7
Evaluate -5 - (2 + -4) - (2 + -5).
0
What is 8 + -11 + (-2 - (0 - 2))?
-3
What is the value of 4 + -6 + (